
Is 9742 a composite number?
True
Is 71023 composite?
False
Is 2403263 a prime number?
True
Is 31379 prime?
True
Is 77317 a composite number?
False
Is 27427 a prime number?
True
Is 8261 a prime number?
False
Is 43721 prime?
True
Is 206 prime?
False
Is 116057 a prime number?
False
Is 60509 a composite number?
False
Is 37231 a composite number?
True
Is 911321 composite?
False
Is 23087 composite?
False
Is 3095 a prime number?
False
Is 65597 a composite number?
True
Is 6739 composite?
True
Is 196247 a composite number?
False
Is 974455 a composite number?
True
Is 589339 a prime number?
False
Is 176557 composite?
False
Is 1854274 prime?
False
Is 1631051 prime?
True
Is 4871 a composite number?
False
Is 152983 composite?
True
Is 79259 prime?
True
Is 1711019 a composite number?
False
Is 206071 a prime number?
False
Is 10847 a composite number?
False
Is 76493 a prime number?
True
Is 703477 a composite number?
True
Is 657649 a composite number?
False
Is 255079 a composite number?
True
Is 8923 a prime number?
True
Is 57503 a composite number?
False
Is 46877 composite?
False
Is 29081 composite?
True
Is 102059 composite?
False
Is 13379 a prime number?
False
Is 133691 a composite number?
False
Is 609262 prime?
False
Is 551 a prime number?
False
Is 429329 composite?
False
Is 81335 prime?
False
Is 7497703 a prime number?
True
Is 29263 a composite number?
True
Is 5414127 prime?
False
Is 79607 a prime number?
False
Is 15869 a composite number?
True
Is 272093 a composite number?
False
Is 5513 a prime number?
False
Is 1909 a composite number?
True
Is 7759 prime?
True
Is 85849 a prime number?
False
Is 2777 prime?
True
Is 37385 a composite number?
True
Is 19913 a prime number?
True
Is 191189 prime?
True
Is 2712691 a composite number?
False
Is 23251 a composite number?
False
Is 14743 prime?
False
Is 334731 composite?
True
Is 70403 composite?
True
Is 123899 composite?
True
Is 237953 composite?
True
Is 6814 a composite number?
True
Is 1044809 a prime number?
True
Is 331 prime?
True
Is 703 a prime number?
False
Is 3683 composite?
True
Is 32707 composite?
False
Is 86831 a composite number?
True
Is 172147 a prime number?
True
Is 85409 a prime number?
False
Is 808187 a composite number?
False
Is 138053 prime?
True
Is 756401 a prime number?
False
Is 74882 a composite number?
True
Is 24281 a prime number?
True
Is 8999 prime?
True
Is 5513 a prime number?
False
Is 3071 composite?
True
Is 105097 a composite number?
False
Is 42821 prime?
True
Is 3506 composite?
True
Is 30235 prime?
False
Is 22298 a prime number?
False
Is 8147 a prime number?
True
Is 17002 a prime number?
False
Is 1512827 prime?
True
Is 3319 a prime number?
True
Is 559291 prime?
False
Is 3079 a composite number?
False
Is 42667 prime?
True
Is 13247 prime?
False
Is 16843 prime?
True
Is 35885 a prime number?
False
Is 25667 a composite number?
False
Is 197045 composite?
True
Is 103723 prime?
True
Is 131993 prime?
False
Is 194203 prime?
True
Is 17837 composite?
False
Is 4577 a prime number?
False
Is 914947 a composite number?
True
Is 11863 a prime number?
True
Is 13835 composite?
True
Is 677999 a composite number?
True
Is 825698 a composite number?
True
Is 134327 prime?
True
Is 11539 prime?
False
Is 263227 composite?
False
Is 570781 a prime number?
True
Is 60859 a composite number?
False
Is 41387 prime?
True
Is 4327 composite?
False
Is 211129 a composite number?
False
Is 344909 prime?
True
Is 111842 a prime number?
False
Is 119029 prime?
False
Is 117661 prime?
False
Is 143643 a composite number?
True
Is 13471 prime?
False
Is 739671 a composite number?
True
Is 152311 composite?
False
Is 11393 composite?
False
Is 1892879 prime?
True
Is 5079 a prime number?
False
Is 19559 composite?
False
Is 2183749 composite?
False
Is 28783 prime?
False
Is 37489 composite?
False
Is 623041 prime?
True
Is 25759 composite?
False
Is 1361 prime?
True
Is 150287 a prime number?
True
Is 161327 a composite number?
True
Is 3659 prime?
True
Is 57197 composite?
True
Is 278823 a prime number?
False
Is 507347 prime?
True
Is 343927 composite?
True
Is 52549 a composite number?
True
Is 43427 prime?
True
Is 25435 a composite number?
True
Is 242534 composite?
True
Is 17077 a composite number?
False
Is 90971 a composite number?
False
Is 5220277 a composite number?
False
Is 604361 a composite number?
False
Is 4889 composite?
False
Is 2561605 composite?
True
Is 618253 composite?
False
Is 213919 a prime number?
True
Is 106273 a prime number?
True
Is 5091 a prime number?
False
Is 1173311 a composite number?
True
Is 33679 composite?
False
Is 2453 a composite number?
True
Is 377981 composite?
False
Is 4861 composite?
False
Is 29833 composite?
False
Is 90703 prime?
True
Is 32603 a composite number?
False
Is 6139 a composite number?
True
Is 18503 a prime number?
True
Is 98461 a composite number?
True
Is 22343 prime?
True
Is 6449 prime?
True
Is 5471 composite?
False
Is 97607 a composite number?
False
Is 6719 prime?
True
Is 2141603 a composite number?
False
Is 435131 prime?
True
Is 8039 prime?
True
Is 79351 a composite number?
True
Is 63797 a composite number?
True
Is 63233 prime?
False
Is 26749 a prime number?
False
Is 783979 a prime number?
False
Is 20873 composite?
False
Is 913163 composite?
True
Is 114527 a composite number?
True
Is 443 prime?
True
Is 596699 composite?
True
Is 44351 prime?
True
Is 52981 prime?
True
Is 3900623 a composite number?
False
Is 12619 a prime number?
True
Is 297931 a composite number?
False
Is 599239 a prime number?
False
Is 15527 a composite number?
False
Is 275129 a prime number?
True
Is 218021 prime?
True
Is 38989 prime?
False
Is 45089 prime?
False
Is 28073 a prime number?
False
Is 6995 prime?
False
Is 54737 a composite number?
True
Is 888929 a prime number?
False
Is 102229 composite?
False
Is 3639 prime?
False
Is 44413 a composite number?
True
Is 397 prime?
True
Is 2897 a composite number?
False
Is 34971 a composite number?
True
Is 6547 a composite number?
False
Is 1604527 composite?
True
Is 61211 a prime number?
True
Is 20555 composite?
True
Is 64346 composite?
True
Is 540011 a prime number?
False
Is 7289 a composite number?
True
Is 867281 composite?
False
Is 36539 a composite number?
True
Is 8069 composite?
False
Is 1494697 prime?
True
Is 271211 prime?
True
Is 194518 a composite number?
True
Is 9111 a composite number?
True
Is 278839 composite?
True
Is 46321 a composite number?
True
Is 3375253 composite?
True
Is 144851 a prime number?
False
Is 134419 a prime number?
False
Is 2819 a composite number?
False
Is 90469 prime?
True
Is 66797 composite?
False
Is 1008683 composite?
True
Is 787243 composite?
False
Is 211127 composite?
True
Is 5461 prime?
False
Is 18779 prime?
False
Is 366083 prime?
False
Is 811411 prime?
True
Is 141199 a prime number?
True
Is 347654 composite?
True
Is 31342 a prime number?
False
Is 1343 a composite number?
True
Is 43753 a prime number?
True
Is 11233 composite?
True
Is 382911 a composite number?
True
Is 17713 composite?
False
Is 166541 prime?
True
Is 863837 a prime number?
False
Is 27197 prime?
True
Is 13241 composite?
False
Is 670507 prime?
True
Is 77293 a composite number?
True
Is 15787 prime?
True
Is 25633 composite?
False
Is 732491 composite?
False
Is 2819 a prime number?
True
Is 76079 a prime number?
True
Is 96143 a composite number?
True
Is 632669 a prime number?
True
Is 19059 a prime number?
False
Is 1204565 composite?
True
Is 31319 a prime number?
True
Is 74521 a composite number?
False
Is 22549 composite?
False
Is 8059 composite?
False
Is 78179 composite?
False
Is 10007 prime?
True
Is 492227 a prime number?
True
Is 1319 composite?
False
Is 9913 composite?
True
Is 11365 prime?
False
Is 2000903 a prime number?
True
Is 503387 composite?
True
Is 8587 a prime number?
False
Is 1605857 composite?
True
Is 1818634 a composite number?
True
Is 206749 a composite number?
False
Is 824393 a prime number?
True
Is 116665 composite?
True
Is 12394 a prime number?
False
Is 1744139 composite?
False
Is 19445 prime?
False
Is 1269731 composite?
False
Is 266843 a prime number?
False
Is 21431 a composite number?
True
Is 57841 a composite number?
True
Is 91391 composite?
True
Is 2537 a composite number?
True
Is 345313 prime?
False
Is 604943 a composite number?
True
Is 261223 prime?
True
Is 28073 prime?
False
Is 63901 co